ivided by g?
71
Let o = -89 - -181. Suppose 7*y = o + 62. Calculate the remainder when 41 is divided by y.
19
Suppose 18 = 4*v + i - 4*i, -5*v + i = -17. Calculate the remainder when (4 + 0 + v)/(1/5) is divided by 10.
5
Suppose -4*r + 28 = -q - 239, 2*r + 3*q = 123. What is the remainder when r is divided by 18?
12
Let j(r) = -6*r**3 - 3*r**2 - 2*r + 1. Let c be (-1)/(-1*(-2 - -1))*2. What is the remainder when j(c) is divided by 22?
19
Suppose -d - d = -12. What is the remainder when ((-20)/8)/((-11)/88) is divided by d?
2
Suppose 41*i = 43*i - 58. Calculate the remainder when 167 is divided by i.
22
Let f = -832 - -1202. Let g = f - 209. What is the remainder when g is divided by 15?
11
Suppose -4 = n, 0*j - 5*j = n - 86. Let y be (-2 + 6 + 14)/((-4)/14). Let b = -56 - y. Calculate the remainder when j is divided by b.
4
Let o(z) = 5*z**2 - 5*z - 7. Calculate the remainder when o(7) is divided by 34.
33
Let v(h) = -10*h + 10. Let p be v(5). Let o be p/(-12) - 1/3. Suppose 0 = -4*z - o*c + 6, 2 + 2 = -2*c. Calculate the remainder when 11 is divided by z.
2
Suppose -27 - 183 = -5*s. What is the remainder when 495*(40/(-24) + (1 - -1)) is divided by s?
39
Suppose 0 = 3*a + 5*p + 6, 2*a - 12 = -0*a + 2*p. Suppose a*j - 32 = -3*d + 49, -5*d = -4*j - 117. Calculate the remainder when d is divided by 16.
9
Suppose 0 = -q - 4*s + 4, -s = -3*s - 2. Let p be -1 - (-1)/(-1 - -2). Suppose 2*r - 11 + 1 = p. What is the remainder when q is divided by r?
3
Let h = 60 - 51. Suppose -314 = -h*a + 7*a. Calculate the remainder when a is divided by 40.
37
Suppose 3*m - 99 = -570. Let u = 39 + -19. Calculate the remainder when m/(-4) - ((-5)/(-20))/1 is divided by u.
19
Let b be 2 - (-5 - (-7 - -4)). Suppose 0 = -b*g + 8, p - 5*g = -2*g + 1. Calculate the remainder when 20 is divided by p.
6
Suppose 20*x = 19*x, x - 74 = -2*j. What is the remainder when j is divided by 20?
17
Suppose 43 = 2*u - 31. What is the remainder when 180 is divided by u?
32
Suppose 0 = -16*d - 28 + 124. Calculate the remainder when 32 is divided by d.
2
Suppose l = -5*y - l - 15, 5*y + 4*l + 25 = 0. Let x = -338 - -344. Calculate the remainder when (9/x - y)*14 is divided by 12.
11
Suppose 0 = 5*c - v - 141, 13*v - 17*v - 13 = -c. What is the remainder when 115 is divided by c?
28
Suppose q - 21 = -5*d, 2*q + d - 21 = q. What is the remainder when 62 is divided by q?
20
Let z(d) be the third derivative of -d**4/24 + 7*d**3/6 + 4*d**2. Let b be z(5). Suppose 31 + 13 = b*o. What is the remainder when 64 is divided by o?
20
Suppose -25*b - 216 = -666. Calculate the remainder when 82 is divided by b.
10
Let i = -118 + 270. Suppose -13 = -11*d + i. Let h(u) = u**3 + 6*u**2 - 2*u - 3. Calculate the remainder when d is divided by h(-6).
6
Let k be ((-3)/(-15) + -3)/((-1)/(-45)). Let w = k - -177. What is the remainder when w is divided by 18?
15
Suppose 0 = 4*r + 114 + 26. Let c = r + 158. What is the remainder when c is divided by 31?
30
Let n = 6 - 3. Suppose 0 = -4*j - 3*w + 89, n*w + 108 = 2*j + 41. Calculate the remainder when j is divided by 14.
12
Let t(d) = -d**2 - 5*d + 30. Calculate the remainder when 269 is divided by t(-7).
13
Let w(p) = p**3 - 5*p**2 - 12*p + 2. Let n(t) = -t**3 + 5*t**2 - 4*t + 7. What is the remainder when w(7) is divided by n(4)?
2
Suppose r - v = 4*r - 1, 8 = 2*v. Let i be (r - -3)*-1 - -39. Suppose -95 = -3*f + 3*h - 4*h, 5*h + i = f. What is the remainder when f is divided by 17?
15
Suppose 0 = 3*g - 2*q - 173 - 217, -q = -2*g + 260. Calculate the remainder when g is divided by 1 - (1 - 3) - (-1 + -29).
31
Suppose 4*s - t = 13 - 1, -4*s + 2*t = -8. Suppose s*u + 16 + 9 = -5*y, 4*u + 3*y = -15. Suppose u*h - h = -11. Calculate the remainder when h is divided by 7.
4
Let u(l) = l + 7. Let p be u(5). Let j = 28 - p. Suppose 32 + 23 = m + 3*r, 5*m = r + 227. What is the remainder when m is divided by j?
14
What is the remainder when ((-24)/10)/((-6)/80) is divided by ((-36)/30)/(4/(-40))?
8
Suppose -3*b + 3*c = -42, -5*b = -b - c - 44. Let p(j) = j**3 - 4*j**2 - 6*j + 2. What is the remainder when p(6) is divided by b?
8
Let u(v) = -v**3 + 8*v**2 + 3. Let z be u(8). Suppose -5*f + 267 = -z*a, -f - 3*f + 212 = -4*a. What is the remainder when f is divided by 14?
12
Let t(r) = 2*r**2 - r - 4. What is the remainder when t(4) is divided by 47/7 - 98/(-343)?
3
Let m = -146 - -240. Calculate the remainder when 280 is divided by m.
92
Suppose 470 = 5*d + 325. What is the remainder when d is divided by 22?
7
Let v(j) = 6*j + 3*j - 8*j - 4 + 4*j. What is the remainder when v(8) is divided by 13?
10
Let j = 151 + -137. What is the remainder when 461 is divided by j?
13
Let j(w) = -w**3 + 22*w**2 - 36*w + 22. What is the remainder when j(20) is divided by 18?
12
Suppose -12*k = -6*k - 510. Suppose 0 = 3*g - 2*u - k, -3*u = g - 0*g - 21. What is the remainder when 104 is divided by g?
23
Let n(m) = -3*m**2 - m + 87. Calculate the remainder when n(0) is divided by 19.
11
Let g = -786 - -817. What is the remainder when 108 is divided by g?
15
Let t be 6/1*6/9. Suppose -25 + 105 = t*u. Calculate the remainder when u is divided by 7.
6
Let s(o) = 29*o**2 + 22*o + 6. What is the remainder when s(3) is divided by 67?
65
Calculate the remainder when 397 is divided by (-2)/(-4) - 5/(20/(-98)).
22
Calculate the remainder when 124 is divided by 412*(-10)/(-160) - 1/(-4).
20
Let h = 889 + -806. What is the remainder when 161 is divided by h?
78
Suppose -3*s + 4732 = 4630. What is the remainder when s is divided by 6?
4
Calculate the remainder when 0 + (-5 + 149)/6 is divided by 12.
0
Let w(n) = -2*n**3 + 20*n**2 - 4*n - 1. Calculate the remainder when w(8) is divided by 57.
52
Let l = 19 + -19. Suppose v = -l*v - 2, 3*v - 81 = -3*z. What is the remainder when z is divided by 11?
7
Suppose -7*t + 11 = -6*t. Let f(v) = 11*v - 3. Calculate the remainder when f(2) is divided by t.
8
What is the remainder when (-5)/(-20) - (-1650)/24 is divided by 8?
5
Let v(w) = 29*w - 11. What is the remainder when v(5) is divided by 32?
6
Let y = -616 + 878. Calculate the remainder when y is divided by 33.
31
Let w = -12 - -17. Let s(k) = -w*k**3 + 1 + 13*k**2 - 16*k + 6*k**3 - 9. What is the remainder when s(-14) is divided by 7?
6
Suppose -312 = 5*a + 128. Let m = 128 + a. What is the remainder when m is divided by 11?
7
Suppose 13*q = 10*q + 36. Let w(f) = 66*f**2 + f. Let i be w(-1). Let x = 136 - i. What is the remainder when x is divided by q?
11
Let w = 111 + -100. Let n = 5 - 1. Suppose -4*p - 110 = -3*u, 0*p - n*p - 140 = -4*u. What is the remainder when u is divided by w?
8
Let m(x) = 14*x - 52. What is the remainder when m(10) is divided by 3?
1
Let o(i) = 3*i**2 - 17*i + 14*i + 12*i**2. Calculate the remainder when o(2) is divided by 29.
25
Suppose -61*l - 1536 = -5318. Calculate the remainder when 247 is divided by l.
61
Calculate the remainder when (-16 - -147) + (-1)/(3/(-12)) is divided by 29.
19
Let t(z) = -5 + 9*z + 7*z**2 - 12*z - z**3 + 3*z**2 + 2*z**3. Calculate the remainder when t(-10) is divided by 8.
1
Let f = -86 + 92. Suppose 0 = v - f*v + 690. Calculate the remainder when v is divided by 47.
44
Suppose 20 - 8 = -3*v. Let p(n) = -3*n + 4. Let j be p(v). Suppose m - 25 = j. What is the remainder when m is divided by 11?
8
Suppose 10*y - 9*y - 171 = 0. Let o = -110 + y. Calculate the remainder when o is divided by 32.
29
Suppose d + 160 = 2*m, 48*m - 43*m = 5*d + 390. Calculate the remainder when m is divided by 14.
12
Suppose -2*p + 142 = -4*d, p - 32 - 32 = -5*d. Calculate the remainder when p is divided by -4 + 2 - (-23 - 3).
21
Suppose 3*v - 3*h - 231 = 0, 8*h - 5*h = -5*v + 361. Calculate the remainder when v is divided by 15.
14
Let i(c) = -8*c + 12. Let g = 25 + 2. Calculate the remainder when i(-8) is divided by g.
22
What is the remainder when 274 is divided by 7/42*-6 + 70?
67
Let s = -92 + 111. What is the remainder when 1*(148/2 - 1) is divided by s?
16
Let i = -13 + 29. Suppose z = -n + i, -5*n + z = -z - 101. Calculate the remainder when 37 is divided by n.
18
Suppose 0 = f - v - 2, 2*f + 0*f - 4*v = 0. Suppose 0*t + f = -2*t + n, t - 4 = 2*n. What is the remainder when (t - -2) + (-30)/(-3) is divided by 2?
0
Suppose -3*d + 5*h = -335, 3*h + 104 + 241 = 3*d. 